{"id":4,"date":"2019-12-20T20:58:06","date_gmt":"2019-12-20T20:58:06","guid":{"rendered":"https:\/\/www.capricare.eu\/?page_id=4"},"modified":"2020-11-10T23:08:34","modified_gmt":"2020-11-10T23:08:34","slug":"healthcare-professionals","status":"publish","type":"page","link":"https:\/\/www.capricare.pt\/hcp\/","title":{"rendered":"Profissional de sa\u00fade"},"content":{"rendered":"<!-- Added by Post\/Page Specific Custom Code plugin, thank you for using! -->\n<style>#header-outer:not(.transparent) #top #logo {width:95px!important;height:50px!important;}\r\n#header-outer #logo img {width:95px!important;height:50px!important;}\r\n#header-outer #logo {margin-top:15px!important;margin-bottom:15px!important;}\r\n#header-space {height:80px!important;}\r\nheader#top nav > ul > li > a {padding-top: 32px !important;}<\/style>\n[vc_row type=&#8221;full_width_background&#8221; full_screen_row_position=&#8221;middle&#8221; equal_height=&#8221;yes&#8221; content_placement=&#8221;middle&#8221; column_margin=&#8221;default&#8221; scene_position=&#8221;center&#8221; text_color=&#8221;dark&#8221; text_align=&#8221;left&#8221; id=&#8221;hcp-home&#8221; overlay_strength=&#8221;0.3&#8243; shape_divider_position=&#8221;bottom&#8221; bg_image_animation=&#8221;none&#8221; shape_type=&#8221;&#8221;][vc_column column_padding=&#8221;no-extra-padding&#8221; column_padding_position=&#8221;all&#8221; background_color_opacity=&#8221;1&#8243; background_hover_color_opacity=&#8221;1&#8243; column_link_target=&#8221;_self&#8221; column_shadow=&#8221;none&#8221; column_border_radius=&#8221;none&#8221; width=&#8221;1\/1&#8243; tablet_width_inherit=&#8221;default&#8221; tablet_text_alignment=&#8221;default&#8221; phone_text_alignment=&#8221;default&#8221; overlay_strength=&#8221;0.3&#8243; column_border_width=&#8221;none&#8221; column_border_style=&#8221;solid&#8221; bg_image_animation=&#8221;none&#8221;][divider line_type=&#8221;No Line&#8221; custom_height=&#8221;20&#8243;][vc_row_inner content_placement=&#8221;middle&#8221; column_margin=&#8221;default&#8221; top_padding=&#8221;5%&#8221; text_align=&#8221;left&#8221;][vc_column_inner column_padding=&#8221;no-extra-padding&#8221; column_padding_position=&#8221;all&#8221; background_color_opacity=&#8221;1&#8243; background_hover_color_opacity=&#8221;1&#8243; column_shadow=&#8221;none&#8221; column_border_radius=&#8221;none&#8221; column_link_target=&#8221;_self&#8221; width=&#8221;1\/2&#8243; tablet_width_inherit=&#8221;default&#8221; overlay_strength=&#8221;0.3&#8243; column_border_width=&#8221;none&#8221; column_border_style=&#8221;solid&#8221; bg_image_animation=&#8221;none&#8221;][vc_column_text]\n<h1>Bem-vindos \u00e0<br \/>\n\u00c1rea dos<br \/>\nProfissionais de Sa\u00fade<\/h1>\n[\/vc_column_text][\/vc_column_inner][vc_column_inner column_padding=&#8221;no-extra-padding&#8221; column_padding_position=&#8221;all&#8221; background_color_opacity=&#8221;1&#8243; background_hover_color_opacity=&#8221;1&#8243; column_shadow=&#8221;none&#8221; column_border_radius=&#8221;none&#8221; column_link_target=&#8221;_self&#8221; width=&#8221;1\/2&#8243; tablet_width_inherit=&#8221;default&#8221; overlay_strength=&#8221;0.3&#8243; column_border_width=&#8221;none&#8221; column_border_style=&#8221;solid&#8221; bg_image_animation=&#8221;none&#8221;][image_with_animation image_url=&#8221;116&#8243; alignment=&#8221;&#8221; animation=&#8221;Fade In From Right&#8221; hover_animation=&#8221;none&#8221; border_radius=&#8221;none&#8221; box_shadow=&#8221;none&#8221; image_loading=&#8221;default&#8221; max_width=&#8221;100%&#8221; max_width_mobile=&#8221;default&#8221; delay=&#8221;250&#8243; el_class=&#8221;hcp-header&#8221;][\/vc_column_inner][\/vc_row_inner][\/vc_column][\/vc_row][vc_row type=&#8221;in_container&#8221; full_screen_row_position=&#8221;middle&#8221; column_margin=&#8221;default&#8221; scene_position=&#8221;center&#8221; text_color=&#8221;dark&#8221; text_align=&#8221;left&#8221; top_padding=&#8221;10%&#8221; class=&#8221;hcp-intro&#8221; id=&#8221;hcp-intro&#8221; overlay_strength=&#8221;0.3&#8243; shape_divider_position=&#8221;bottom&#8221; bg_image_animation=&#8221;none&#8221; shape_type=&#8221;&#8221;][vc_column column_padding=&#8221;no-extra-padding&#8221; column_padding_position=&#8221;all&#8221; background_color_opacity=&#8221;1&#8243; background_hover_color_opacity=&#8221;1&#8243; column_link_target=&#8221;_self&#8221; column_shadow=&#8221;none&#8221; column_border_radius=&#8221;none&#8221; width=&#8221;2\/3&#8243; tablet_width_inherit=&#8221;default&#8221; tablet_text_alignment=&#8221;default&#8221; phone_text_alignment=&#8221;default&#8221; overlay_strength=&#8221;0.3&#8243; column_border_width=&#8221;none&#8221; column_border_style=&#8221;solid&#8221; bg_image_animation=&#8221;none&#8221;][vc_column_text]\n<h2>Capricare<sup>\u00ae<\/sup> de Dairy Goat Co-operative.<\/h2>\n[\/vc_column_text][vc_column_text max_width=&#8221;875&#8243;]Pioneiros em nutri\u00e7\u00e3o infantil \u00e0 base de f\u00f3rmulas elaboradas com leite de cabra. H\u00e1 mais de 30 anos a alimentar beb\u00e9s em todo o mundo.<br \/>\n[\/vc_column_text][\/vc_column][vc_column column_padding=&#8221;no-extra-padding&#8221; column_padding_position=&#8221;all&#8221; background_color_opacity=&#8221;1&#8243; background_hover_color_opacity=&#8221;1&#8243; column_link_target=&#8221;_self&#8221; column_shadow=&#8221;none&#8221; column_border_radius=&#8221;none&#8221; width=&#8221;1\/3&#8243; tablet_width_inherit=&#8221;default&#8221; tablet_text_alignment=&#8221;default&#8221; phone_text_alignment=&#8221;default&#8221; overlay_strength=&#8221;0.3&#8243; column_border_width=&#8221;none&#8221; column_border_style=&#8221;solid&#8221; bg_image_animation=&#8221;none&#8221;][\/vc_column][\/vc_row][vc_row type=&#8221;in_container&#8221; full_screen_row_position=&#8221;middle&#8221; column_margin=&#8221;default&#8221; scene_position=&#8221;center&#8221; text_color=&#8221;dark&#8221; text_align=&#8221;left&#8221; class=&#8221;hcp-steps&#8221; id=&#8221;hcp-steps&#8221; overlay_strength=&#8221;0.3&#8243; shape_divider_position=&#8221;bottom&#8221; bg_image_animation=&#8221;none&#8221; shape_type=&#8221;&#8221;][vc_column column_padding=&#8221;no-extra-padding&#8221; column_padding_position=&#8221;all&#8221; background_color_opacity=&#8221;1&#8243; background_hover_color_opacity=&#8221;1&#8243; column_link_target=&#8221;_self&#8221; column_shadow=&#8221;none&#8221; column_border_radius=&#8221;none&#8221; width=&#8221;1\/2&#8243; tablet_width_inherit=&#8221;default&#8221; tablet_text_alignment=&#8221;default&#8221; phone_text_alignment=&#8221;default&#8221; overlay_strength=&#8221;0.3&#8243; column_border_width=&#8221;none&#8221; column_border_style=&#8221;solid&#8221; bg_image_animation=&#8221;none&#8221;][vc_column_text]<span class=\"step-num\">1<\/span><br \/>\n<span class=\"step-text\"><strong>F\u00e1cil de digerir<\/strong><br \/>\nOs nossos estudos revelaram que Capricare<sup>\u00ae<\/sup> forma no est\u00f4mago um coalho menos consistente e mais suave, o que proporciona o esvaziamento g\u00e1strico. Este tipo de coalho permite que as enzimas digestivas acedam mais facilmente \u00e0s prote\u00ednas, facilitando a digest\u00e3o.<\/span>[\/vc_column_text][nectar_btn size=&#8221;medium&#8221; button_style=&#8221;regular&#8221; button_color_2=&#8221;Accent-Color&#8221; icon_family=&#8221;none&#8221; el_class=&#8221;process-butt&#8221; url=&#8221;\/hcp\/informacao-cientifica&#8221; text=&#8221;MAIS INFORMA\u00c7\u00c3O CIENT\u00cdFICA&#8221;][\/vc_column][vc_column column_padding=&#8221;no-extra-padding&#8221; column_padding_position=&#8221;all&#8221; background_color_opacity=&#8221;1&#8243; background_hover_color_opacity=&#8221;1&#8243; column_link_target=&#8221;_self&#8221; column_shadow=&#8221;none&#8221; column_border_radius=&#8221;none&#8221; width=&#8221;1\/2&#8243; tablet_width_inherit=&#8221;default&#8221; tablet_text_alignment=&#8221;default&#8221; phone_text_alignment=&#8221;default&#8221; overlay_strength=&#8221;0.3&#8243; column_border_width=&#8221;none&#8221; column_border_style=&#8221;solid&#8221; bg_image_animation=&#8221;none&#8221;][vc_column_text]<span class=\"step-num\">2<\/span><br \/>\n<span class=\"step-text\"><strong>Elaborado com leite inteiro<\/strong><br \/>\nCapricare<sup>\u00ae<\/sup> preserva as propriedades naturais da gordura do leite, um dos nutrientes essenciais que se assemelha ao das prote\u00ednas do leite materno. Isto significa que as nossas f\u00f3rmulas cont\u00eam de maneira natural a membrana do gl\u00f3bulo gordo do leite e \u00e1cido palm\u00edtico sn-2.<\/span>[\/vc_column_text][nectar_btn size=&#8221;medium&#8221; button_style=&#8221;regular&#8221; button_color_2=&#8221;Accent-Color&#8221; icon_family=&#8221;none&#8221; el_class=&#8221;process-butt&#8221; url=&#8221;\/hcp\/o-nosso-processo&#8221; text=&#8221;MAIS INFORMA\u00c7\u00c3O SOBRE O PROCESSO&#8221;][\/vc_column][\/vc_row][vc_row type=&#8221;full_width_background&#8221; full_screen_row_position=&#8221;middle&#8221; column_margin=&#8221;default&#8221; scene_position=&#8221;center&#8221; text_color=&#8221;dark&#8221; text_align=&#8221;left&#8221; class=&#8221;science&#8221; id=&#8221;science&#8221; overlay_strength=&#8221;0.3&#8243; shape_divider_position=&#8221;bottom&#8221; bg_image_animation=&#8221;none&#8221; shape_type=&#8221;&#8221;][vc_column column_padding=&#8221;no-extra-padding&#8221; column_padding_position=&#8221;all&#8221; background_color_opacity=&#8221;1&#8243; background_hover_color_opacity=&#8221;1&#8243; column_link_target=&#8221;_self&#8221; column_shadow=&#8221;none&#8221; column_border_radius=&#8221;none&#8221; width=&#8221;1\/1&#8243; tablet_width_inherit=&#8221;default&#8221; tablet_text_alignment=&#8221;default&#8221; phone_text_alignment=&#8221;default&#8221; overlay_strength=&#8221;0.3&#8243; column_border_width=&#8221;none&#8221; column_border_style=&#8221;solid&#8221; bg_image_animation=&#8221;none&#8221;][vc_row_inner column_margin=&#8221;default&#8221; text_align=&#8221;left&#8221; class=&#8221;foot-text&#8221;][vc_column_inner column_padding=&#8221;no-extra-padding&#8221; column_padding_position=&#8221;all&#8221; background_color_opacity=&#8221;1&#8243; background_hover_color_opacity=&#8221;1&#8243; column_shadow=&#8221;none&#8221; column_border_radius=&#8221;none&#8221; column_link_target=&#8221;_self&#8221; width=&#8221;1\/2&#8243; tablet_width_inherit=&#8221;default&#8221; overlay_strength=&#8221;0.3&#8243; column_border_width=&#8221;none&#8221; column_border_style=&#8221;solid&#8221; bg_image_animation=&#8221;none&#8221;][image_with_animation image_url=&#8221;118&#8243; alignment=&#8221;&#8221; animation=&#8221;Fade In&#8221; hover_animation=&#8221;none&#8221; border_radius=&#8221;none&#8221; box_shadow=&#8221;none&#8221; image_loading=&#8221;default&#8221; max_width=&#8221;100%&#8221; max_width_mobile=&#8221;default&#8221; delay=&#8221;200&#8243; el_class=&#8221;hcp-baby&#8221;][\/vc_column_inner][vc_column_inner column_padding=&#8221;no-extra-padding&#8221; column_padding_position=&#8221;all&#8221; background_color_opacity=&#8221;1&#8243; background_hover_color_opacity=&#8221;1&#8243; column_shadow=&#8221;none&#8221; column_border_radius=&#8221;none&#8221; column_link_target=&#8221;_self&#8221; width=&#8221;1\/2&#8243; tablet_width_inherit=&#8221;default&#8221; overlay_strength=&#8221;0.3&#8243; column_border_width=&#8221;none&#8221; column_border_style=&#8221;solid&#8221; bg_image_animation=&#8221;none&#8221;][vc_column_text el_class=&#8221;science-content&#8221;]\n<h3>S\u00e3o as f\u00f3rmulas \u00e0 base de leite de cabra com mais valida\u00e7\u00f5es cient\u00edficas<\/h3>\n<p>As f\u00f3rmulas de Capricare<sup>\u00ae<\/sup> s\u00e3o o resultado de mais de 20 anos de investiga\u00e7\u00e3o incluindo diversos ensaios cl\u00ednicos.[\/vc_column_text][nectar_btn size=&#8221;medium&#8221; button_style=&#8221;regular&#8221; button_color_2=&#8221;Accent-Color&#8221; icon_family=&#8221;none&#8221; url=&#8221;\/hcp\/as-nossas-publicacoes&#8221; text=&#8221;CONSULTE AS NOSSAS PUBLICA\u00c7\u00d5ES&#8221;][\/vc_column_inner][\/vc_row_inner][\/vc_column][\/vc_row]\n","protected":false},"excerpt":{"rendered":"<p>[vc_row type=&#8221;full_width_background&#8221; full_screen_row_position=&#8221;middle&#8221; equal_height=&#8221;yes&#8221; content_placement=&#8221;middle&#8221; column_margin=&#8221;default&#8221; scene_position=&#8221;center&#8221; text_color=&#8221;dark&#8221; text_align=&#8221;left&#8221; id=&#8221;hcp-home&#8221; overlay_strength=&#8221;0.3&#8243; shape_divider_position=&#8221;bottom&#8221; bg_image_animation=&#8221;none&#8221; shape_type=&#8221;&#8221;][vc_column column_padding=&#8221;no-extra-padding&#8221; column_padding_position=&#8221;all&#8221; background_color_opacity=&#8221;1&#8243; background_hover_color_opacity=&#8221;1&#8243; column_link_target=&#8221;_self&#8221; column_shadow=&#8221;none&#8221; column_border_radius=&#8221;none&#8221; width=&#8221;1\/1&#8243; tablet_width_inherit=&#8221;default&#8221; tablet_text_alignment=&#8221;default&#8221; phone_text_alignment=&#8221;default&#8221; overlay_strength=&#8221;0.3&#8243; column_border_width=&#8221;none&#8221; column_border_style=&#8221;solid&#8221; bg_image_animation=&#8221;none&#8221;][divider line_type=&#8221;No&#8230;<\/p>\n","protected":false},"author":1,"featured_media":0,"parent":0,"menu_order":0,"comment_status":"closed","ping_status":"closed","template":"","meta":[],"yoast_head":"<!-- This site is optimized with the Yoast SEO plugin v21.1 - https:\/\/yoast.com\/wordpress\/plugins\/seo\/ -->\n<title>Profissional de sa\u00fade - Capricare Portugal HCP<\/title>\n<meta name=\"description\" content=\"Se \u00e9 um profissional de sa\u00fade, pode obter mais informa\u00e7\u00e3o sobre os estudos cient\u00edficos e investiga\u00e7\u00f5es de Capricare no nosso portal dedicado aos profissionais de sa\u00fade. Este portal foi criado para proporcionar ao setor profissional recursos e material informativo sobre as f\u00f3rmulas de leite de cabra.\" \/>\n<meta name=\"robots\" content=\"index, follow, max-snippet:-1, max-image-preview:large, max-video-preview:-1\" \/>\n<link rel=\"canonical\" href=\"https:\/\/www.capricare.pt\/hcp\/\" \/>\n<meta property=\"og:locale\" content=\"en_US\" \/>\n<meta property=\"og:type\" content=\"article\" \/>\n<meta property=\"og:title\" content=\"Profissional de sa\u00fade - Capricare Portugal HCP\" \/>\n<meta property=\"og:description\" content=\"Se \u00e9 um profissional de sa\u00fade, pode obter mais informa\u00e7\u00e3o sobre os estudos cient\u00edficos e investiga\u00e7\u00f5es de Capricare no nosso portal dedicado aos profissionais de sa\u00fade. Este portal foi criado para proporcionar ao setor profissional recursos e material informativo sobre as f\u00f3rmulas de leite de cabra.\" \/>\n<meta property=\"og:url\" content=\"https:\/\/www.capricare.pt\/hcp\/\" \/>\n<meta property=\"og:site_name\" content=\"Capricare Portugal HCP\" \/>\n<meta property=\"article:modified_time\" content=\"2020-11-10T23:08:34+00:00\" \/>\n<meta name=\"twitter:card\" content=\"summary_large_image\" \/>\n<meta name=\"twitter:label1\" content=\"Est. reading time\" \/>\n\t<meta name=\"twitter:data1\" content=\"5 minutes\" \/>\n<script type=\"application\/ld+json\" class=\"yoast-schema-graph\">{\"@context\":\"https:\/\/schema.org\",\"@graph\":[{\"@type\":\"WebPage\",\"@id\":\"https:\/\/www.capricare.pt\/hcp\/\",\"url\":\"https:\/\/www.capricare.pt\/hcp\/\",\"name\":\"Profissional de sa\u00fade - Capricare Portugal HCP\",\"isPartOf\":{\"@id\":\"https:\/\/www.capricare.pt\/hcp\/#website\"},\"datePublished\":\"2019-12-20T20:58:06+00:00\",\"dateModified\":\"2020-11-10T23:08:34+00:00\",\"description\":\"Se \u00e9 um profissional de sa\u00fade, pode obter mais informa\u00e7\u00e3o sobre os estudos cient\u00edficos e investiga\u00e7\u00f5es de Capricare no nosso portal dedicado aos profissionais de sa\u00fade. Este portal foi criado para proporcionar ao setor profissional recursos e material informativo sobre as f\u00f3rmulas de leite de cabra.\",\"breadcrumb\":{\"@id\":\"https:\/\/www.capricare.pt\/hcp\/#breadcrumb\"},\"inLanguage\":\"en-NZ\",\"potentialAction\":[{\"@type\":\"ReadAction\",\"target\":[\"https:\/\/www.capricare.pt\/hcp\/\"]}]},{\"@type\":\"BreadcrumbList\",\"@id\":\"https:\/\/www.capricare.pt\/hcp\/#breadcrumb\",\"itemListElement\":[{\"@type\":\"ListItem\",\"position\":1,\"name\":\"Home\",\"item\":\"https:\/\/www.capricare.pt\/hcp\/\"},{\"@type\":\"ListItem\",\"position\":2,\"name\":\"Profissional de sa\u00fade\"}]},{\"@type\":\"WebSite\",\"@id\":\"https:\/\/www.capricare.pt\/hcp\/#website\",\"url\":\"https:\/\/www.capricare.pt\/hcp\/\",\"name\":\"Capricare Portugal HCP\",\"description\":\"\",\"potentialAction\":[{\"@type\":\"SearchAction\",\"target\":{\"@type\":\"EntryPoint\",\"urlTemplate\":\"https:\/\/www.capricare.pt\/hcp\/?s={search_term_string}\"},\"query-input\":\"required name=search_term_string\"}],\"inLanguage\":\"en-NZ\"}]}<\/script>\n<!-- \/ Yoast SEO plugin. -->","yoast_head_json":{"title":"Profissional de sa\u00fade - Capricare Portugal HCP","description":"Se \u00e9 um profissional de sa\u00fade, pode obter mais informa\u00e7\u00e3o sobre os estudos cient\u00edficos e investiga\u00e7\u00f5es de Capricare no nosso portal dedicado aos profissionais de sa\u00fade. Este portal foi criado para proporcionar ao setor profissional recursos e material informativo sobre as f\u00f3rmulas de leite de cabra.","robots":{"index":"index","follow":"follow","max-snippet":"max-snippet:-1","max-image-preview":"max-image-preview:large","max-video-preview":"max-video-preview:-1"},"canonical":"https:\/\/www.capricare.pt\/hcp\/","og_locale":"en_US","og_type":"article","og_title":"Profissional de sa\u00fade - Capricare Portugal HCP","og_description":"Se \u00e9 um profissional de sa\u00fade, pode obter mais informa\u00e7\u00e3o sobre os estudos cient\u00edficos e investiga\u00e7\u00f5es de Capricare no nosso portal dedicado aos profissionais de sa\u00fade. Este portal foi criado para proporcionar ao setor profissional recursos e material informativo sobre as f\u00f3rmulas de leite de cabra.","og_url":"https:\/\/www.capricare.pt\/hcp\/","og_site_name":"Capricare Portugal HCP","article_modified_time":"2020-11-10T23:08:34+00:00","twitter_card":"summary_large_image","twitter_misc":{"Est. reading time":"5 minutes"},"schema":{"@context":"https:\/\/schema.org","@graph":[{"@type":"WebPage","@id":"https:\/\/www.capricare.pt\/hcp\/","url":"https:\/\/www.capricare.pt\/hcp\/","name":"Profissional de sa\u00fade - Capricare Portugal HCP","isPartOf":{"@id":"https:\/\/www.capricare.pt\/hcp\/#website"},"datePublished":"2019-12-20T20:58:06+00:00","dateModified":"2020-11-10T23:08:34+00:00","description":"Se \u00e9 um profissional de sa\u00fade, pode obter mais informa\u00e7\u00e3o sobre os estudos cient\u00edficos e investiga\u00e7\u00f5es de Capricare no nosso portal dedicado aos profissionais de sa\u00fade. Este portal foi criado para proporcionar ao setor profissional recursos e material informativo sobre as f\u00f3rmulas de leite de cabra.","breadcrumb":{"@id":"https:\/\/www.capricare.pt\/hcp\/#breadcrumb"},"inLanguage":"en-NZ","potentialAction":[{"@type":"ReadAction","target":["https:\/\/www.capricare.pt\/hcp\/"]}]},{"@type":"BreadcrumbList","@id":"https:\/\/www.capricare.pt\/hcp\/#breadcrumb","itemListElement":[{"@type":"ListItem","position":1,"name":"Home","item":"https:\/\/www.capricare.pt\/hcp\/"},{"@type":"ListItem","position":2,"name":"Profissional de sa\u00fade"}]},{"@type":"WebSite","@id":"https:\/\/www.capricare.pt\/hcp\/#website","url":"https:\/\/www.capricare.pt\/hcp\/","name":"Capricare Portugal HCP","description":"","potentialAction":[{"@type":"SearchAction","target":{"@type":"EntryPoint","urlTemplate":"https:\/\/www.capricare.pt\/hcp\/?s={search_term_string}"},"query-input":"required name=search_term_string"}],"inLanguage":"en-NZ"}]}},"_links":{"self":[{"href":"https:\/\/www.capricare.pt\/hcp\/wp-json\/wp\/v2\/pages\/4"}],"collection":[{"href":"https:\/\/www.capricare.pt\/hcp\/wp-json\/wp\/v2\/pages"}],"about":[{"href":"https:\/\/www.capricare.pt\/hcp\/wp-json\/wp\/v2\/types\/page"}],"author":[{"embeddable":true,"href":"https:\/\/www.capricare.pt\/hcp\/wp-json\/wp\/v2\/users\/1"}],"replies":[{"embeddable":true,"href":"https:\/\/www.capricare.pt\/hcp\/wp-json\/wp\/v2\/comments?post=4"}],"version-history":[{"count":56,"href":"https:\/\/www.capricare.pt\/hcp\/wp-json\/wp\/v2\/pages\/4\/revisions"}],"predecessor-version":[{"id":1143,"href":"https:\/\/www.capricare.pt\/hcp\/wp-json\/wp\/v2\/pages\/4\/revisions\/1143"}],"wp:attachment":[{"href":"https:\/\/www.capricare.pt\/hcp\/wp-json\/wp\/v2\/media?parent=4"}],"curies":[{"name":"wp","href":"https:\/\/api.w.org\/{rel}","templated":true}]}}